{"id":518,"date":"2024-05-13T22:21:35","date_gmt":"2024-05-13T20:21:35","guid":{"rendered":"https:\/\/lesamisdebagnoles.fr\/?page_id=518"},"modified":"2024-05-13T22:44:58","modified_gmt":"2024-05-13T20:44:58","slug":"code-typographique","status":"publish","type":"page","link":"https:\/\/lesamisdebagnoles.fr\/index.php\/memento-redacteurs\/code-typographique\/","title":{"rendered":"Code typographique"},"content":{"rendered":"\n<p><\/p>\n\n\n\n<p>Si l&rsquo;on veut \u00eatre cr\u00e9dible, il faut respecter le code typographique. Les traits d&rsquo;union sont pr\u00e9c\u00e9d\u00e9s et suivis d&rsquo;une espace.<\/p>\n\n\n\n<p>Un lien utile si vous avez des doutes :<br><strong>Espacement avec les signes de ponctuation et les symboles<\/strong><br><a href=\"https:\/\/vitrinelinguistique.oqlf.gouv.qc.ca\/22039\/la-typographie\/espacement\/espacement-avant-et-apres-les-signes-de-ponctuation-et-les-symboles\">https:\/\/vitrinelinguistique.oqlf.gouv.qc.ca\/22039\/la-typographie\/espacement\/espacement-avant-et-apres-les-signes-de-ponctuation-et-les-symboles<\/a><\/p>\n\n\n\n<hr class=\"wp-block-separator has-alpha-channel-opacity\"\/>\n\n\n\n<p>En Fran\u00e7ais les <a href=\"https:\/\/www.projet-voltaire.fr\/culture-generale\/accent-majuscules-capitales\/\" data-type=\"link\" data-id=\"https:\/\/www.projet-voltaire.fr\/culture-generale\/accent-majuscules-capitales\/\">capitales sont accentu\u00e9es<\/a>.<\/p>\n","protected":false},"excerpt":{"rendered":"<p>Si l&rsquo;on veut \u00eatre cr\u00e9dible, il faut respecter le code typographique. Les traits d&rsquo;union sont pr\u00e9c\u00e9d\u00e9s et suivis d&rsquo;une espace. Un lien utile si vous avez des doutes :Espacement avec les signes de ponctuation et les symboleshttps:\/\/vitrinelinguistique.oqlf.gouv.qc.ca\/22039\/la-typographie\/espacement\/espacement-avant-et-apres-les-signes-de-ponctuation-et-les-symboles En Fran\u00e7ais les capitales sont accentu\u00e9es.<\/p>\n","protected":false},"author":2,"featured_media":0,"parent":463,"menu_order":0,"comment_status":"open","ping_status":"closed","template":"","meta":{"footnotes":""},"class_list":["post-518","page","type-page","status-publish","hentry"],"_links":{"self":[{"href":"https:\/\/lesamisdebagnoles.fr\/index.php\/wp-json\/wp\/v2\/pages\/518","targetHints":{"allow":["GET"]}}],"collection":[{"href":"https:\/\/lesamisdebagnoles.fr\/index.php\/wp-json\/wp\/v2\/pages"}],"about":[{"href":"https:\/\/lesamisdebagnoles.fr\/index.php\/wp-json\/wp\/v2\/types\/page"}],"author":[{"embeddable":true,"href":"https:\/\/lesamisdebagnoles.fr\/index.php\/wp-json\/wp\/v2\/users\/2"}],"replies":[{"embeddable":true,"href":"https:\/\/lesamisdebagnoles.fr\/index.php\/wp-json\/wp\/v2\/comments?post=518"}],"version-history":[{"count":1,"href":"https:\/\/lesamisdebagnoles.fr\/index.php\/wp-json\/wp\/v2\/pages\/518\/revisions"}],"predecessor-version":[{"id":519,"href":"https:\/\/lesamisdebagnoles.fr\/index.php\/wp-json\/wp\/v2\/pages\/518\/revisions\/519"}],"up":[{"embeddable":true,"href":"https:\/\/lesamisdebagnoles.fr\/index.php\/wp-json\/wp\/v2\/pages\/463"}],"wp:attachment":[{"href":"https:\/\/lesamisdebagnoles.fr\/index.php\/wp-json\/wp\/v2\/media?parent=518"}],"curies":[{"name":"wp","href":"https:\/\/api.w.org\/{rel}","templated":true}]}}