{"id":3,"date":"2024-04-30T17:57:29","date_gmt":"2024-04-30T15:57:29","guid":{"rendered":"http:\/\/lesamisdebagnoles.fr\/?page_id=3"},"modified":"2025-03-05T17:46:21","modified_gmt":"2025-03-05T16:46:21","slug":"politique-de-confidentialite","status":"publish","type":"page","link":"https:\/\/lesamisdebagnoles.fr\/index.php\/page-d-exemple\/politique-de-confidentialite\/","title":{"rendered":"Mentions l\u00e9gales"},"content":{"rendered":"\n<p>Les informations concernant les membres de l&rsquo;association LABON ainsi que les visiteurs de ce blogue font l\u2019objet d\u2019un traitement informatique destin\u00e9 \u00e0 l\u2019envoi de lettres de diffusion, de courriels d\u2019appels \u00e0 cotisations ou pour collecter des dons. Vos donn\u00e9es sont conserv\u00e9es en conformit\u00e9 avec les directives de la CNIL. Conform\u00e9ment \u00e0 la loi \u00ab informatique et libert\u00e9s \u00bb du 6 janvier 1978 modifi\u00e9e et au R\u00e8glement europ\u00e9en n\u00b02016\/679\/UE du 27 avril 2016, vous b\u00e9n\u00e9ficiez d\u2019un droit d\u2019acc\u00e8s, de rectification, de portabilit\u00e9 et d\u2019effacement de vos donn\u00e9es ou encore de limitation de traitement, en \u00e9crivant \u00e0\u00a0LABON (Les amis de Bagnoles-de-l\u2019Orne-Normandie), 12, Avenue du Docteur Pierre Noal, 61140 Bagnoles de l\u2019Orne-Normandie.<br><a href=\"mailto:contact@lesamisdebagnoles.fr\">contact@lesamisdebagnoles.fr<\/a><\/p>\n\n\n\n<p>\u2014<\/p>\n\n\n\n<p><em>Qui sommes-nous&nbsp;?<\/em><\/p>\n\n\n\n<p>L\u2019adresse de notre site est&nbsp;: https:\/\/lesamisdebagnoles.fr. L\u2019adresse de notre courrier \u00e9lectronique est : contact@lesamisdebagnoles.fr<br>Adresse courriel de l&rsquo;h\u00e9bergeur : q.cordelier@cqfd-informatique.fr<\/p>\n\n\n\n<p><em>Les donn\u00e9es personnelles<\/em><\/p>\n\n\n\n<p>Dans le but de tenir \u00e0 jour la liste de nos adh\u00e9rents, nous collectons exclusivement vos noms, pr\u00e9noms, adresses, adresses courriel et num\u00e9ros de t\u00e9l\u00e9phone ainsi que la chronologie de vos cotisations ou dons. Pour les personnes qui n\u2019ont pas adh\u00e9r\u00e9 \u00e0 l\u2019association, nous collectons uniquement votre nom et votre adresse courriel via la page \u201dContact\u201d.<\/p>\n\n\n\n<p><em>Combien de temps les donn\u00e9es personnelles sont conserv\u00e9es ?<\/em><\/p>\n\n\n\n<p>La CNIL recommande que les informations relatives \u00e0 un adh\u00e9rent soient conserv\u00e9es pendant un d\u00e9lai de trois ans \u00e0 compter de la fin de son adh\u00e9sion. Pendant ce d\u00e9lai, et lors de chaque sollicitation, la personne concern\u00e9e doit pouvoir s\u2019opposer \u00e0 l\u2019utilisation de ses coordonn\u00e9es pour des relances d\u2019adh\u00e9sion.&nbsp;<\/p>\n\n\n\n<p><em>Commentaires<\/em><\/p>\n\n\n\n<p>Quand vous laissez un commentaire sur notre site, les donn\u00e9es inscrites dans le formulaire de commentaire, ainsi que votre adresse IP et l\u2019agent utilisateur de votre navigateur sont collect\u00e9s pour nous aider \u00e0 la d\u00e9tection des commentaires ind\u00e9sirables.<\/p>\n\n\n\n<p><em>T\u00e9moins de connexion (Cookies)<\/em><\/p>\n\n\n\n<p>Si vous d\u00e9posez un commentaire sur notre site, il vous sera propos\u00e9 d\u2019enregistrer votre nom, adresse courriel et \u00e9ventuellement site, dans des t\u00e9moins de connexion. C\u2019est uniquement pour votre confort afin de ne pas avoir \u00e0 saisir ces informations si vous d\u00e9posez un autre commentaire plus tard. Ces t\u00e9moins de connexions expirent au bout d\u2019un an.<\/p>\n\n\n\n<p>Si vous vous rendez sur la page de connexion, un t\u00e9moin de connexion temporaire sera cr\u00e9\u00e9 afin de d\u00e9terminer si votre navigateur accepte les t\u00e9moins de connexion. Il ne contient pas de donn\u00e9es personnelles et sera supprim\u00e9 automatiquement \u00e0 la fermeture de votre navigateur.<\/p>\n\n\n\n<p>Lorsque vous vous connecterez, nous mettrons en place un certain nombre de t\u00e9moins de connexion pour enregistrer vos informations de connexion et vos pr\u00e9f\u00e9rences d\u2019\u00e9cran. La dur\u00e9e de vie d\u2019un t\u00e9moin de connexion est de deux jours, celle d\u2019un t\u00e9moin de connexion d\u2019option d\u2019\u00e9cran est d\u2019un an. Si vous cochez \u00ab&nbsp;Se souvenir de moi&nbsp;\u00bb, votre cookie de connexion sera conserv\u00e9 pendant deux semaines. Si vous vous d\u00e9connectez de votre compte, le t\u00e9moin de connexion de connexion sera effac\u00e9.<\/p>\n\n\n\n<p>En modifiant ou en publiant une publication, un t\u00e9moin de connexion suppl\u00e9mentaire sera enregistr\u00e9 dans votre navigateur. Ce t\u00e9moin de connexion ne comprend aucune donn\u00e9e personnelle. Il indique simplement l\u2019ID de la publication que vous venez de modifier. Il expire au bout d\u2019un jour.<\/p>\n\n\n\n<p><em>Utilisation et transmission de vos donn\u00e9es personnelles<\/em><\/p>\n\n\n\n<p>Si vous demandez une r\u00e9initialisation de votre mot de passe, votre adresse IP sera incluse dans le courriel de r\u00e9initialisation.<\/p>\n\n\n\n<p><em>Dur\u00e9es de stockage de vos donn\u00e9es<\/em><\/p>\n\n\n\n<p>Si vous laissez un commentaire, le commentaire et ses m\u00e9tadonn\u00e9es sont conserv\u00e9s ind\u00e9finiment. Cela permet de reconna\u00eetre et approuver automatiquement les commentaires suivants au lieu de les laisser dans la file de mod\u00e9ration.<\/p>\n\n\n\n<p><em>Les droits que vous avez sur vos donn\u00e9es<\/em><\/p>\n\n\n\n<p>Si vous avez un compte ou si vous avez laiss\u00e9 des commentaires sur le site, vous pouvez demander \u00e0 recevoir un fichier contenant toutes les donn\u00e9es personnelles que nous poss\u00e9dons \u00e0 votre sujet, incluant celles que vous nous avez fournies. Vous pouvez \u00e9galement demander la suppression des donn\u00e9es personnelles vous concernant. Cela ne prend pas en compte les donn\u00e9es stock\u00e9es \u00e0 des fins administratives, l\u00e9gales ou pour des raisons de s\u00e9curit\u00e9.<\/p>\n\n\n\n<p><em>Transmission de vos donn\u00e9es personnelles<\/em><\/p>\n\n\n\n<p>Les commentaires des visiteurs peuvent \u00eatre v\u00e9rifi\u00e9s \u00e0 l\u2019aide d\u2019un service automatis\u00e9 de d\u00e9tection des commentaires ind\u00e9sirables.<\/p>\n","protected":false},"excerpt":{"rendered":"<p>Les informations concernant les membres de l&rsquo;association LABON ainsi que les visiteurs de ce blogue font l\u2019objet d\u2019un traitement informatique destin\u00e9 \u00e0 l\u2019envoi de lettres de diffusion, de courriels d\u2019appels \u00e0 cotisations ou pour collecter des dons. Vos donn\u00e9es sont conserv\u00e9es en conformit\u00e9 avec les directives de la CNIL. Conform\u00e9ment \u00e0 la loi \u00ab informatique [&hellip;]<\/p>\n","protected":false},"author":1,"featured_media":0,"parent":2,"menu_order":0,"comment_status":"closed","ping_status":"closed","template":"","meta":{"footnotes":""},"class_list":["post-3","page","type-page","status-publish","hentry"],"_links":{"self":[{"href":"https:\/\/lesamisdebagnoles.fr\/index.php\/wp-json\/wp\/v2\/pages\/3","targetHints":{"allow":["GET"]}}],"collection":[{"href":"https:\/\/lesamisdebagnoles.fr\/index.php\/wp-json\/wp\/v2\/pages"}],"about":[{"href":"https:\/\/lesamisdebagnoles.fr\/index.php\/wp-json\/wp\/v2\/types\/page"}],"author":[{"embeddable":true,"href":"https:\/\/lesamisdebagnoles.fr\/index.php\/wp-json\/wp\/v2\/users\/1"}],"replies":[{"embeddable":true,"href":"https:\/\/lesamisdebagnoles.fr\/index.php\/wp-json\/wp\/v2\/comments?post=3"}],"version-history":[{"count":13,"href":"https:\/\/lesamisdebagnoles.fr\/index.php\/wp-json\/wp\/v2\/pages\/3\/revisions"}],"predecessor-version":[{"id":1322,"href":"https:\/\/lesamisdebagnoles.fr\/index.php\/wp-json\/wp\/v2\/pages\/3\/revisions\/1322"}],"up":[{"embeddable":true,"href":"https:\/\/lesamisdebagnoles.fr\/index.php\/wp-json\/wp\/v2\/pages\/2"}],"wp:attachment":[{"href":"https:\/\/lesamisdebagnoles.fr\/index.php\/wp-json\/wp\/v2\/media?parent=3"}],"curies":[{"name":"wp","href":"https:\/\/api.w.org\/{rel}","templated":true}]}}