{"id":1530,"date":"2025-10-10T13:03:23","date_gmt":"2025-10-10T11:03:23","guid":{"rendered":"https:\/\/lesamisdebagnoles.fr\/?page_id=1530"},"modified":"2025-11-25T15:58:56","modified_gmt":"2025-11-25T14:58:56","slug":"1530-2","status":"publish","type":"page","link":"https:\/\/lesamisdebagnoles.fr\/","title":{"rendered":"<center>Les amis de Bagnoles-de-l&rsquo;Orne Normandie<\/center>"},"content":{"rendered":"\r\n<figure class=\"wp-block-image aligncenter size-large is-resized\"><img loading=\"lazy\" decoding=\"async\" width=\"1024\" height=\"768\" class=\"wp-image-1525\" style=\"width: 596px; height: auto;\" src=\"https:\/\/lesamisdebagnoles.fr\/wp-content\/uploads\/2025\/10\/photo-LABON-2e-1024x768.jpg\" alt=\"\" \/><\/figure>\r\n\r\n\r\n\r\n<p class=\"has-text-align-center\"><a href=\"https:\/\/lesamisdebagnoles.fr\/index.php\/sommaire-2\/\">1 Sommaire<\/a> \/ <a href=\"https:\/\/lesamisdebagnoles.fr\/index.php\/page-d-exemple\/les-amis-de-bagnoles-de-lorne-normandie-labon\/\" data-type=\"page\" data-id=\"455\">2 L\u2019association<\/a> \/ <a href=\"https:\/\/lesamisdebagnoles.fr\/index.php\/5-les-essentiels\/\">3 Cat\u00e9gories<\/a> \/ <a href=\"https:\/\/lesamisdebagnoles.fr\/index.php\/contact\/\">4 Contact<\/a> \/ <a href=\"https:\/\/lesamisdebagnoles.fr\/index.php\/memento-redacteurs\/\">5 R\u00e9dacteurs<\/a> \/ <a href=\"https:\/\/lesamisdebagnoles.fr\/index.php\/page-d-exemple\/politique-de-confidentialite\/\" data-type=\"page\" data-id=\"3\">6 Mentions l\u00e9gales<\/a><\/p>\r\n<h1 class=\"wp-block-heading has-background-background-color has-background has-source-serif-pro-font-family has-x-large-font-size\">Derniers articles<\/h1>\r\n\r\n\r\n\r\n\r\n<ul class=\"wp-block-latest-posts__list wp-block-latest-posts\"><li><a class=\"wp-block-latest-posts__post-title\" href=\"https:\/\/lesamisdebagnoles.fr\/index.php\/2026\/04\/19\/la-ville-paysage\/\">LA VILLE PAYSAGE<\/a><\/li>\n<li><a class=\"wp-block-latest-posts__post-title\" href=\"https:\/\/lesamisdebagnoles.fr\/index.php\/2026\/03\/09\/elections-municipales-bagnoles-positionnement-des-candidats-a-propos-du-lac\/\">\u00c9lections municipales de Bagnoles. Positionnement des candidats \u00e0 propos du lac<\/a><\/li>\n<li><a class=\"wp-block-latest-posts__post-title\" href=\"https:\/\/lesamisdebagnoles.fr\/index.php\/2026\/03\/09\/florilege-de-points-de-vue-questionnements-et-informations\/\">Floril\u00e8ge de points de vue, questionnements et informations.<\/a><\/li>\n<li><a class=\"wp-block-latest-posts__post-title\" href=\"https:\/\/lesamisdebagnoles.fr\/index.php\/2026\/03\/08\/compte-rendu-assemblee-generale-labon-2026\/\">Compte rendu Assembl\u00e9e G\u00e9n\u00e9rale LABON 2026<\/a><\/li>\n<li><a class=\"wp-block-latest-posts__post-title\" href=\"https:\/\/lesamisdebagnoles.fr\/index.php\/2026\/03\/06\/commission-parlementaire-sur-la-restauration-de-la-continuite-des-rivieres\/\">Commission parlementaire sur la restauration de la continuit\u00e9 des rivi\u00e8res<\/a><\/li>\n<\/ul>\r\n\r\n","protected":false},"excerpt":{"rendered":"<p>1 Sommaire \/ 2 L\u2019association \/ 3 Cat\u00e9gories \/ 4 Contact \/ 5 R\u00e9dacteurs \/ 6 Mentions l\u00e9gales Derniers articles<\/p>\n","protected":false},"author":2,"featured_media":0,"parent":0,"menu_order":0,"comment_status":"closed","ping_status":"closed","template":"page-no-separators","meta":{"footnotes":""},"class_list":["post-1530","page","type-page","status-publish","hentry"],"_links":{"self":[{"href":"https:\/\/lesamisdebagnoles.fr\/index.php\/wp-json\/wp\/v2\/pages\/1530","targetHints":{"allow":["GET"]}}],"collection":[{"href":"https:\/\/lesamisdebagnoles.fr\/index.php\/wp-json\/wp\/v2\/pages"}],"about":[{"href":"https:\/\/lesamisdebagnoles.fr\/index.php\/wp-json\/wp\/v2\/types\/page"}],"author":[{"embeddable":true,"href":"https:\/\/lesamisdebagnoles.fr\/index.php\/wp-json\/wp\/v2\/users\/2"}],"replies":[{"embeddable":true,"href":"https:\/\/lesamisdebagnoles.fr\/index.php\/wp-json\/wp\/v2\/comments?post=1530"}],"version-history":[{"count":24,"href":"https:\/\/lesamisdebagnoles.fr\/index.php\/wp-json\/wp\/v2\/pages\/1530\/revisions"}],"predecessor-version":[{"id":1629,"href":"https:\/\/lesamisdebagnoles.fr\/index.php\/wp-json\/wp\/v2\/pages\/1530\/revisions\/1629"}],"wp:attachment":[{"href":"https:\/\/lesamisdebagnoles.fr\/index.php\/wp-json\/wp\/v2\/media?parent=1530"}],"curies":[{"name":"wp","href":"https:\/\/api.w.org\/{rel}","templated":true}]}}